5
Let k = -4 - -7. Suppose k*m - 66 = -12. What is the remainder when 4*(1 + 13 + -1) is divided by m?
16
Let w(x) = -2*x + 7. What is the remainder when w(-8) is divided by 8?
7
Let w = 18 + 56. What is the remainder when w is divided by 20?
14
Let i(b) = -b**3 + 8*b**2 - 6*b - 11. Let r(l) = l**2 - 5*l + 3. What is the remainder when i(6) is divided by r(6)?
7
Let s(n) = n**3 - 3*n**2 - 2*n - 3. Let k be (-1 + 1/5)*-5. Let b be s(k). Let w = -3 + b. What is the remainder when w is divided by 2?
0
Let q = -10 - -15. Calculate the remainder when q is divided by 1*(-8)/12 + 11/3.
2
Let t = -84 + 123. Calculate the remainder when t is divided by ((-30)/(-9))/(2/12).
19
Let b(a) = 6*a**2 + 3*a - 3 - 2*a**2 - 1 + 6. Calculate the remainder when b(-3) is divided by 8.
5
Let k = -20 + 13. Let y(n) = -3*n - 8. Calculate the remainder when 36 is divided by y(k).
10
Suppose y - 5 = 3*q - 2*q, -2*q + 20 = y. Calculate the remainder when ((-1)/1)/(3/(-57)) is divided by y.
9
Let y(b) = b - 11. Let g be y(5). Let c(n) = n**2 - 2*n - 4. Calculate the remainder when c(6) is divided by 57/6 + g/(-4).
9
Let n = -8 + -31. Calculate the remainder when 38 - (0 - -3)/3 is divided by n/(-3) - (-12)/(-4).
7
Let t(c) = c**2 + c - 5. What is the remainder when 27 is divided by t(-4)?
6
Suppose 9*v + 45 - 207 = 0. Calculate the remainder when 43 is divided by v.
7
Let q(w) = 3*w**2 - 2*w + 5. Let l be q(-4). Let n = -27 + l. Let c(p) = -p**3 - p**2 - p - 3. Calculate the remainder when n is divided by c(-3).
16
Let w be (-6)/4*(2 + 0). Calculate the remainder when (-69)/(-4)*(-8)/w is divided by 16.
14
Let z(j) = j**2 + 2*j - 4. Calculate the remainder when 29 is divided by z(-5).
7
Suppose -j + 17 = o, o - 9 = j - 32. What is the remainder when j is divided by 7?
6
Suppose 0*n - 5*n = -65. Calculate the remainder when -1 + (-461)/(-9) + 6/(-27) is divided by n.
11
Suppose 2*u + 2*u = 192. Calculate the remainder when u is divided by 25.
23
Let d(a) = a**3 - 7*a**2 + 5*a + 8. Let h be d(6). Let u be -1 + h - (1 - 6). Calculate the remainder when (-58)/(-18) - u/27 is divided by 2.
1
What is the remainder when 55 is divided by 26/2 + (-8 - -9)?
13
Suppose -2*a = -6*a + 188. Suppose -5*h + 68 = -a. What is the remainder when 68 is divided by h?
22
Suppose -2*o + 0*o = -52. Let a = 9 - 0. Calculate the remainder when o is divided by a.
8
Suppose -2*g = -4*u + 2*g + 80, 5*g = -3*u + 76. What is the remainder when u is divided by 14?
8
Let k(o) = -7*o**3 - 2*o**2 - o. Let v = 25 - 11. Suppose 0 = 3*p + 5*d - 10, 2*p - p - d - v = 0. Calculate the remainder when p is divided by k(-1).
4
Let g(t) = -t**3 - 11*t**2 - 9*t + 1. Let q be g(-9). Let l = q + 132. What is the remainder when (-3)/((-110)/l - -2) is divided by 9?
8
Let d be (-4)/(-10) - (-132)/20. Suppose -d*t = -2*t - 95. Calculate the remainder when 56 is divided by t.
18
Let i = 8 + -3. Let g(q) = -q**3 - 2*q**2 - q - 1. Let d be g(-2). Suppose -9 = -b - d. What is the remainder when b is divided by i?
3
Suppose -4*z + 3*l + 1 = -5, 0 = z - 3*l - 6. Suppose z*t + 6 = 3*t. Calculate the remainder when (t/4)/(2/44) is divided by 6.
5
Let q = -44 - -66. Calculate the remainder when 85 is divided by q.
19
Suppose -n = -0*n + 2*g - 14, 5*n + g - 79 = 0. Calculate the remainder when n is divided by 13.
3
Suppose 0 = -5*z - q - 496, z = -z + 2*q - 196. Let h = -54 - z. Let w = -26 + h. What is the remainder when w is divided by 10?
9
Let k be (4/(-8))/((-1)/6). Suppose 5 = -k*i + 4*d, -2*i = -i + 5*d - 30. Let g(f) = f**2 - 10*f + 13. Calculate the remainder when g(10) is divided by i.
3
Suppose -o = 2 + 9. Let d = 9 - o. Calculate the remainder when d is divided by 11.
9
Let p = 11 - 6. Let h = -3 - -8. Suppose 6 = h*s - 34. Calculate the remainder when s is divided by p.
3
Suppose 0*h - 12 = 3*h. Let n be ((-46)/h)/((-1)/(-4)). Let a = n - 31. What is the remainder when a is divided by 8?
7
Suppose 53 = i + 2*i - d, -2*d = -8. Calculate the remainder when i is divided by 11.
8
Suppose -4*y + 2*k = -10, 0*y - 4*y + 25 = -5*k. Let u(h) = h**3 - 2*h**2 - 3*h**2 + y*h**3 - 4. Calculate the remainder when u(6) is divided by 17.
15
Suppose 4*q = 5*y - 111, -2*q = -4*y + 18 + 42. Let i = q - -46. What is the remainder when i is divided by 6?
4
Suppose 2*p = 11 + 3. Suppose -131 = -5*y - x, 20*x = 16*x + 4. Calculate the remainder when y is divided by p.
5
Suppose 0 = b + 2 - 35. What is the remainder when b is divided by 17?
16
Let k(r) = 2*r**2 + 3*r - 1. Suppose 3*y - 4 = 4*y. What is the remainder when 54 is divided by k(y)?
16
Let o(h) = -h**3 + 6*h**2 + 2*h - 7. What is the remainder when o(6) is divided by 4?
1
Let o be (-1)/(-1 - 4/(-5)). Suppose -4*c - 17 = -o*c. Calculate the remainder when c is divided by 6.
5
Suppose 4*b + 12 = 0, -2*x = 3*b - 2 + 1. Suppose 29 = 2*o + x. What is the remainder when 22 is divided by o?
10
Suppose 0 = g - 1. Let p(y) = -y. Let r be p(1). What is the remainder when 5 is divided by 0 - (r + (-1 - g))?
2
Let h = 7 - -8. Let w = h - -6. What is the remainder when 83 is divided by w?
20
Let q = -99 - -170. Calculate the remainder when q is divided by 30.
11
Suppose -4*o + 5*o - 12 = 0. What is the remainder when 46 is divided by o?
10
Suppose 15 = -5*p, 0*a = 2*a - 5*p - 21. Let o(z) = 16*z - 1. What is the remainder when o(a) is divided by 24?
23
Suppose 2*n = 82 + 110. Calculate the remainder when n is divided by 25.
21
Suppose -2*y - 10 + 2 = 2*k, -2*y - 8 = 4*k. Suppose -m = 4*l - k*m - 49, -5*l = 2*m - 59. What is the remainder when l is divided by 7?
6
Suppose 3*s = -3 + 12, 3*f = -4*s + 330. Calculate the remainder when f is divided by 27.
25
Let c = 0 - 1. Let t = 3 + c. What is the remainder when 4 is divided by (-7)/(-4) + t/8?
0
Let q = -95 - -107. Suppose f + 4*f = -3*y + 103, -4*f - 3*y = -80. Calculate the remainder when f is divided by q.
11
Let m(w) = -w**2 - 3*w. Let l be m(-3). Suppose l = c - 12 + 3. What is the remainder when 24 is divided by c?
6
Let l(v) = v + 8. Calculate the remainder when 48 is divided by l(5).
9
Suppose r - 43 = 4*d - 15, -2*d = -r + 16. Let a(q) = -3*q + 4. What is the remainder when 41 is divided by a(d)?
19
Suppose -2*k = 2 - 16. Suppose -150 = 4*i - k*i. Let b(o) = o**3 + 7*o**2 + 6*o - 3. Calculate the remainder when i is divided by b(-5).
16
Suppose -5*b + 163 = -2*b + 2*g, -2*g + 218 = 4*b. Calculate the remainder when b is divided by 28.
27
Let s(y) = 2*y**2 - y - 1. Let r = 1 - -4. Suppose 9 = -r*v + 2*v. Calculate the remainder when 39 is divided by s(v).
19
Let a = 15 - 9. Calculate the remainder when 10 is divided by a.
4
Suppose -5*t + t = -8. Suppose 24 = 3*b - 9. Suppose 6 = -5*p + b. Calculate the remainder when t is divided by p.
0
Suppose 0 = -3*s + 50 - 5. What is the remainder when s is divided by 8?
7
Suppose 2*m = -0*m + 44. Calculate the remainder when 43 is divided by m.
21
Let b(y) = -y**3 - 11*y**2 - 10*y + 2. What is the remainder when b(-10) is divided by 2?
0
Let k = -7 + 7. Suppose -3*o + o - 5*f + 14 = k, -5*f + 4 = -3*o. Suppose o*q - 185 = -3*q. What is the remainder when q is divided by 13?
11
What is the remainder when (-3 - -4) + 44 + -4 is divided by 21?
20
Let o = -3 - -8. Suppose 0*f - 70 = -o*f. What is the remainder when 54 is divided by f?
12
Let x = 2 - -1. Suppose -x = 3*o, -8 - 51 = -4*s - 5*o. Let k = -3 + 50. Calculate the remainder when k is divided by s.
15
Calculate the remainder when (33 + 12)/((-6)/(-4)) is divided by 13.
4
Let n = 25 + 7. What is the remainder when 120 is divided by n?
24
Suppose 0 = 2*w + 8, -4*u + w - 12 - 4 = 0. Let v(x) = -x**3 - 4*x**2 + 4*x + 9. Calculate the remainder when 25 is divided by v(u).
11
Suppose -5*c + 63 = -2*l, 2*c - 16 = 5*l + 5. Calculate the remainder when 142 is divided by c.
12
Let o(a) = 2*a**2 - 2*a + 22. Let n(v) = v**2 - v + 11. Let t(m) = -5*n(m) + 3*o(m). What is the remainder when (-8 - 660/(-22)) + -4 + 1 is divided by t(0)?
8
Let a = 12 + -5. Let t = -15 + a. What is the remainder when 34 is divided by 94/8 + (-2)/t?
10
Let i(q) = -q**2 - 11*q - 4. Let x(r) = -r**2 + r + 7. Let k be x(0). Suppose -36 = -3*o + k*o. Calculate the remainder when i(o) is divided by 8.
6
Suppose -4*s - 4*f = -116, -s - 2*f - 3*f + 41 = 0. Let p be (1 - (-14)/1)